2 + 253*a - 31. Give u(-17).
3
Let k(p) = 6*p + 7. Give k(-3).
-11
Let v(u) = u**3 + 17*u**2 + 27*u - 42. Give v(-15).
3
Let q(i) = -i**2 - 39*i + 79. What is q(2)?
-3
Let y(v) = v**2 - 30*v + 204. Determine y(19).
-5
Let x(i) = 2*i**3 - 88*i**2 + 86*i + 4. What is x(43)?
4
Let n(u) = u**3 - 12*u**2 - 2*u + 6. Calculate n(10).
-214
Let n(x) = -x**3 + 6*x**2 - 7*x + 9. Give n(5).
-1
Let s(d) = 15*d. Calculate s(3).
45
Let k(y) = -17*y + 85. Give k(5).
0
Let d(o) = -o**3 - 4*o**2 + 4*o + 4. Determine d(-4).
-12
Let q(j) = 42*j - 17. Determine q(4).
151
Let h(r) = -r**2 - 4*r + 5. Calculate h(2).
-7
Let f(l) = -l**2 - 18*l - 23. Determine f(-16).
9
Let p(d) = 4*d + 4. What is p(-4)?
-12
Let j(g) = -g**3 - 11*g**2 - 4*g - 28. Give j(-11).
16
Let q(b) = 5*b - 5. Calculate q(5).
20
Let i(d) = d**3 + 17*d**2 + 5*d + 98. What is i(-17)?
13
Let n(q) = q**3 - 5*q**2 - 2*q - 10. Calculate n(5).
-20
Let w(y) = y**2 - 27*y + 149. What is w(16)?
-27
Let b(q) = -2*q**2 + 2*q + 4. Give b(3).
-8
Let z(c) = c**3 - 8*c**2 + 5*c + 14. What is z(7)?
0
Let i(g) = 3*g**2 + 25*g + 36. Calculate i(-6).
-6
Let c(a) = 2*a + 40. Give c(-19).
2
Let i(f) = 9*f + 35. What is i(-3)?
8
Let m(x) = x**2 - 10. Calculate m(0).
-10
Let w(a) = -4*a**2 - 40*a - 15. Determine w(-10).
-15
Let r(g) = -g**3 + 9*g**2 - 16*g - 7. Determine r(6).
5
Let c(n) = 23*n - 230. Give c(11).
23
Let b(m) = -m**2 - 3*m + 2. Calculate b(3).
-16
Let k(d) = d**3 - 13*d**2 - 15*d + 12. What is k(14)?
-2
Let a(h) = h**2 + 7*h - 2. What is a(-6)?
-8
Let p(v) = v**2 - 13*v + 32. Determine p(11).
10
Let f(c) = -c**3 - 2*c**2 + 2*c + 2. Determine f(-3).
5
Let y(h) = h**3 + 5*h**2 - 6*h + 16. What is y(-7)?
-40
Let q(w) = -2*w**2 - 4*w + 1. Determine q(-3).
-5
Let k(t) = 6*t - 9. Give k(-2).
-21
Let t(u) = -u**3 + 4*u**2 + 5*u - 7. Determine t(5).
-7
Let y(z) = -z**3 - 7*z**2 - 7*z + 10. Calculate y(-6).
16
Let y(a) = -27*a - 25. Give y(-1).
2
Let q(k) = k**3 - 5*k**2 + 4*k - 1. Determine q(5).
19
Let f(x) = -x**2 - 8*x + 10. Give f(-7).
17
Let f(j) = -19*j. Determine f(-3).
57
Let z(p) = p + 5. Calculate z(9).
14
Let d(a) = -a**2 - 2*a + 6. Calculate d(0).
6
Let q(w) = -7*w - 14. Calculate q(-4).
14
Let l(q) = -q**2 - 12*q. Give l(-12).
0
Let q(i) = 2*i**3 + 6*i**2 + 4*i - 3. Determine q(-3).
-15
Let j(h) = 2*h - 1. What is j(-22)?
-45
Let w(p) = -p + 13. Calculate w(19).
-6
Let z(r) = -r**2 + 4*r - 9. Determine z(5).
-14
Let u(y) = -4*y + 62. Calculate u(20).
-18
Let p(n) = 3*n**2 + 2*n - 3. Calculate p(4).
53
Let z(b) = 2*b**3 + 3*b**2 - b - 2. Calculate z(-2).
-4
Let v(t) = -30*t**2 + 2*t - 2. Give v(1).
-30
Let f(k) = 3*k**2 + 67*k + 21. Give f(-22).
-1
Let o(h) = -h**3 + 9*h**2 + 4*h - 3. Determine o(9).
33
Let j(i) = -i - 18. Give j(-14).
-4
Let s(o) = 26*o - 123. Calculate s(5).
7
Let r(a) = -15*a + 1. What is r(-3)?
46
Let h(b) = -11*b**2 + 4*b - 1. What is h(1)?
-8
Let j(l) = -2*l**3 + 3*l**2 - 3*l + 6. Give j(0).
6
Let w(h) = -h + 3. What is w(-3)?
6
Let s(m) = m**2 - 10*m + 13. What is s(9)?
4
Let a(q) = 8*q. Determine a(-2).
-16
Let n(t) = -4*t**3 + 2*t**2 + 9*t + 8. Give n(-1).
5
Let u(c) = 2*c**3 + 42*c**2 - 95*c - 53. Determine u(-23).
16
Let q(k) = -2*k**2 + 8*k - 2. What is q(6)?
-26
Let d(g) = 4*g**2 + g + 3. Calculate d(-3).
36
Let q(k) = k**3 - 35*k**2 + 66*k - 24. Determine q(33).
-24
Let g(a) = -5*a**2 + 20*a - 1. What is g(5)?
-26
Let p(v) = -7*v**2 + 3*v - 1. What is p(1)?
-5
Let x(v) = -v + 23. What is x(11)?
12
Let k(b) = -b**3 - 7*b**2 + 3*b + 7. What is k(-5)?
-58
Let y(u) = -u**2 + 4*u. Calculate y(5).
-5
Let s(k) = 2*k**2 + 4*k - 3. Give s(4).
45
Let k(f) = 2*f**2 + 3*f - 6. Give k(2).
8
Let n(o) = o**2 + 26*o - 12. Determine n(-26).
-12
Let j(t) = -11*t - 5. Determine j(6).
-71
Let w(v) = 3*v - 21. Determine w(5).
-6
Let u(o) = -o**3 + 13*o**2 + 2*o - 30. What is u(13)?
-4
Let p(w) = -w**3 + 8*w**2 + 2*w - 14. Calculate p(8).
2
Let j(u) = -u**3 + 17*u**2 - 15*u - 12. Calculate j(16).
4
Let b(f) = 4*f + 16. Calculate b(-3).
4
Let z(r) = -r**2 + 7*r - 22. Give z(9).
-40
Let h(d) = -d**2 - 10*d - 30. Calculate h(-12).
-54
Let n(i) = -4*i + 1. Determine n(0).
1
Let j(f) = f - 17. Give j(-11).
-28
Let p(y) = 3*y - 71. What is p(35)?
34
Let t(y) = -2*y**3 + 3*y**2. Calculate t(2).
-4
Let u(g) = -3*g - 17. Give u(-4).
-5
Let q(k) = -k**2 - k - 33. What is q(0)?
-33
Let b(n) = -n**3 + 3*n**2 + 20*n - 69. Give b(4).
-5
Let v(f) = f**2 + 10*f - 4. Determine v(-8).
-20
Let p(w) = w**3 + w**2 - 2*w + 6. Calculate p(0).
6
Let p(y) = 2*y**2 + 20*y - 27. Calculate p(-11).
-5
Let w(t) = 4*t + 1. What is w(-5)?
-19
Let q(v) = -20*v + 5. Determine q(2).
-35
Let u(y) = -y**2 - 5*y - 7. What is u(6)?
-73
Let f(g) = g**3 + 2*g**2 - 6*g - 2. What is f(-3)?
7
Let p(f) = -f**2 - 7*f - 11. Give p(-6).
-5
Let f(t) = t**2 + 39*t - 870. What is f(16)?
10
Let l(k) = k**3 - 11*k**2 - 10*k - 3. Calculate l(12).
21
Let o(l) = 2*l**3 + 33*l**2 + 15*l - 12. What is o(-16)?
4
Let u(s) = 22*s - 2. Calculate u(-1).
-24
Let r(a) = -8*a - 6. Determine r(-4).
26
Let d(j) = 6*j + 276. What is d(-43)?
18
Let k(p) = p**2 + 3. Determine k(-4).
19
Let v(f) = f**2 + 19*f - 46. Give v(-21).
-4
Let m(o) = -o**3 + 6*o**2 + 3*o - 36. What is m(5)?
4
Let x(c) = -2*c**2 + 3*c + 7. What is x(4)?
-13
Let w(q) = 2*q + 24. Determine w(-9).
6
Let f(x) = 17*x**3 - x**2. Calculate f(1).
16
Let t(j) = j**3 - 4*j + 8. What is t(2)?
8
Let w(p) = -2*p**3 + 17*p**2 - 9*p. Determine w(8).
-8
Let o(w) = -w**2 + 8*w - 6. Determine o(6).
6
Let p(a) = 5*a**2 - 27*a - 12. What is p(6)?
6
Let z(s) = -s**3 - 27*s**2 - 50*s - 31. Give z(-25).
-31
Let s(c) = -4*c - 2. What is s(2)?
-10
Let g(s) = -2*s + 5. Calculate g(4).
-3
Let t(b) = b - 16. Calculate t(-5).
-21
Let u(c) = -3*c + 72. Give u(5).
57
Let n(q) = -q**3 + 17*q**2 - 33*q + 42. Give n(15).
-3
Let t(r) = -r**3 - 21*r**2 + 43*r - 74. What is t(-23)?
-5
Let x(c) = 20*c**3 - 3*c**2 - 2*c. Give x(-1).
-21
Let m(g) = -g**3 + 8*g**2 - 4. Give m(8).
-4
Let g(c) = c**3 + 13*c**2 - 37*c - 98. Determine g(-15).
7
Let f(y) = y**3 - 4*y**2 + 6*y - 4. Give f(5).
51
Let w(h) = h**3 + h**2 + h - 2. Calculate w(1).
1
Let l(k) = -39*k + 54. What is l(8)?
-258
Let l(u) = -7*u + 12. Determine l(-9).
75
Let g(t) = -2*t**2 + 13*t - 11. Determine g(5).
4
Let c(y) = y**2 + 12*y + 52. Determine c(-7).
17
Let x(k) = -k**2 - 22*k + 415. Determine x(-34).
7
Let c(r) = 2*r**2 + 5*r. What is c(-4)?
12
Let w(i) = -9*i**3 + 2*i - 2. Determine w(1).
-9
Let o(s) = 10*s + 1. Calculate o(2).
21
Let k(l) = l**3 + 4*l**2 - l. What is k(-2)?
10
Let w(n) = -3*n - 4. What is w(-2)?
2
Let s(a) = 22*a - 14. Give s(-3).
-80
Let d(g) = -g**3 - 12*g**2 - 17*g - 10. Give d(-11).
56
Let a(u) = -u**3 - 20*u**2 + 19*u - 28. What is a(-21)?
14
Let k(t) = -t**3 + 24*t**2 - 2*t + 48. Give k(24).
0
Let p(s) = 2*s**2 + s + 2. Give p(2).
12
Let l(h) = -10*h + 66. Give l(6).
6
Let r(l) = 21*l + 8. Determine r(-3).
-55
Let m(y) = y**3 + 4*y**2 - y - 1. Determine m(-4).
3
Let d(o) = -13*o + 174. Determine d(15).
-21
Let u(c) = -7*c - 2. Give u(-6).
40
Let q(y) = y**3 - 10*y**2 - 118*y - 24. Determine q(17).
-7
Let n(d) = 3*d**3 + 4*d**2 - 2*d - 3. Determine n(-2).
-7
Let z(h) = -10*h**3 - 2*h**2 - 43*h + 44. Calculate z(1).
-11
Let m(a) = -27*a + 151. Determine m(5).
16
Let s(b) = -b**2 + 3*b - 2. Give s(-3).
-20
Let j(c) = -6*c**2 - c + 1. What is j(-1)?
-4
Let t(l) = 3*l**3 - 2*l. Determine t(2).
20
Let f(s) = -5*s**2 + 5*s - 7. What is f(4)?
-67
Let q(f) = 4*f - 4. Calculate q(6).
20
Let s(y) = -y**3 + 2*y**2 + 12*y - 1. What is s(5)?
-16
Let g(m) = -m**3 - 7*m**2 - 6*m - 15. Give g(-7).
27
Let r(f) = f**2 + f - 4. Determine r(0).
-4
Let u(w) = -w**2 - 5*w - 5. Determine u(-5).
-5
Let q(h) = -12*h + 76. What is q(10)?
-44
Let a(c) = -8*c + 4. Calculate a(-4).
36
Let a(t) = -t**3 + 5*t**2 + 4*t + 8. Calculate a(6).
-4
Let q(k) = -k**3 - 16*k**2 - 31*k - 27. Give q(-14).
15
Let w(y) = 7*y + 249. Determine w(-36).
-3
Let i(l) = -40*l. What is i(1)?
-40
Let r(s) = -15*s - 113. Give r(-8).
7
Let v(g) = g**3 - 5*g**2 + 4*g + 1. What is v(5)?
21
Let r(w) = -3*w - 1. Give r(-3).
8
Let m(d) = 9*d - 20. What is m(12)?
88
Let h(q) = 6*q - 8. Determine h(3).
10
Let f(n) = -8*n**3 + 17*n**2 - 5*n. Determine f(2).
-6
Let c(x) = -x**3 + 14*x**2 + 3*x - 2.